0 + 4.
-4
Calculate 7 - ((1 - 3) + -1) - 2.
8
What is the value of (0 - 5) + (-4 - -8)?
-1
Evaluate -1 + 4 + -1 + -1.
1
Calculate 7 + -4 + 7 + -8.
2
What is the value of -6 - (-4 + (4 - -2 - 3))?
-5
Evaluate -3 - (1 - 5 - 3 - -4).
0
Evaluate 1 + 3 + -11 + 8.
1
Calculate -1 - (8 + -8 + (8 - 2)).
-7
Evaluate -9 + 12 - (-2 + 2 - -7).
-4
What is the value of 1 + -3 + -2 - -5?
1
What is the value of (4 - 8) + -1 + 8?
3
Evaluate 1 + (7 - 5 - -6).
9
What is -3 - -2 - (2 - -5 - 8)?
0
(7 - -5) + (5 - 11) - 7
-1
Evaluate 3 + -1 + 4 + -5.
1
What is 7 - 1 - (-5 + -2 + 12)?
1
-9 + (4 - -1) + (9 - 0)
5
Evaluate 2 + -3 + 7 + -1.
5
What is -5 - ((2 - 7) + 4 + 0)?
-4
Calculate (-4 - 4) + (0 - -7).
-1
Evaluate 3 - (-2 + 6 - 8).
7
Calculate 15 + -16 + 0 - (1 - -1).
-3
What is the value of 11 + -2 + (0 - 0 - 2)?
7
What is -9 + 9 + (1 - 6) + 0?
-5
Calculate 4 - (7 + 1 + -5).
1
Evaluate (4 - 1) + (24 - 28) - 4.
-5
Evaluate -4 + (-3 - (-1 - 4)).
-2
What is 14 + -17 + (0 - (0 + 1))?
-4
Calculate 8 + (-2 - 12) - (-5 + 0).
-1
Evaluate (-3 - -15) + -18 + (1 - -3).
-2
Evaluate 8 - (12 - (-10 - -22)).
8
What is the value of -1 - (-5 + 11 + -4)?
-3
What is 1 + -1 - ((23 - -2) + -22)?
-3
1 + 1 + (1 - 8)
-5
Calculate 12 - -1 - (205 + -194).
2
What is the value of 2 - (-2 - -3 - -2)?
-1
-10 - (7 - 7) - -4
-6
What is (-3 - (-8 + 3)) + -1 + -2?
-1
3 - (0 - -1) - (-1 - 0)
3
-1 - 0 - (45 - 39)
-7
Calculate 3 + 0 - (10 - 9).
2
Evaluate 2 - (6 + (3 - 7)) - -3.
3
Evaluate 4 + 3 + -8 + -1 + 4.
2
24 + -12 - 8 - 5
-1
What is -1 + 1 + 2 + 3?
5
What is the value of -8 - (3 + -10) - -3?
2
Evaluate -24 - -24 - (2 + (3 - 2)).
-3
(-1 - 5) + 2 + -4 - 1
-9
What is 4 + 1 + (43 - 42) + -15?
-9
What is -1 + 5 + -2 - (-1 + 7)?
-4
What is -7 + (-3 - 2) + 8 + 1?
-3
Evaluate 1 - (-3 + (-5 - -4) + 9).
-4
Calculate -6 - (-4 - (3 + -5)).
-4
What is the value of -8 + -8 + 13 + 6 + 0?
3
Evaluate -1 + -9 + 9 - -1.
0
Calculate 12 + 1 + -11 - 8.
-6
What is the value of 3 - 7 - ((-3 - -5) + -4)?
-2
Calculate -1 + (1 - -7) + -15 + 13.
5
Calculate -7 - (-10 + (6 - 5)).
2
1 - (11 + 9 + -14)
-5
What is the value of 0 + -11 + (-43 - -60)?
6
What is the value of -4 - 0 - (-1 - (6 + -5))?
-2
Calculate 1 - 3 - (-34 + 34).
-2
Calculate (-2 - 1) + (-12 + 7 - -7).
-1
What is -4 - (4 - (6 + -3 - -4))?
-1
Evaluate -7 - (12 - 7) - -7.
-5
(2 - 2) + -1 - (-1 - 1)
1
What is (-1 + -6 - -12) + -10?
-5
9 - (-1 + 1 - -5)
4
What is 2 - (9 - (6 - 3))?
-4
What is 3 + (-7 + 2 - 2 - -2)?
-2
-43 - -39 - (-2 + -1 - 2)
1
Calculate (2 - 1 - 3) + 7 + -10.
-5
What is the value of 2 - 18 - (-23 - -15)?
-8
Calculate 4 + (12 - 4 - 7) + 6.
11
Evaluate 4 + (-11 - (-2 + -1 + 0)).
-4
What is (-17 - -13 - 2) + 0 + 5?
-1
What is (12 - 8) + (-1 - (1 + 1))?
1
What is (0 + 2 - -3) + (1 - 6)?
0
Calculate (-5 - (-4 - -4) - -9) + 1.
5
What is the value of -4 - -4 - -7 - 8?
-1
What is the value of 10 + 1 + (-19 - -11)?
3
What is the value of 7 - 0 - (8 - 0)?
-1
Calculate (4 - 2) + -6 + -3 + 4.
-3
107 - 112 - (-1 + -1)
-3
8 + (-1 - 6 - (-5 + 1))
5
What is -14 + 4 - -5 - (-4 + -1)?
0
What is the value of -1 + (1 - (-3 + 6))?
-3
What is -4 - (3 + (2 + -6 - 1))?
-2
Calculate -7 - (-18 - -7) - 1.
3
What is 5 + (-5 - -3 - 1) + 1?
3
Evaluate -2 + (5 - 6 - -5).
2
(0 - -8) + (-12 - -3)
-1
What is the value of -3 + 3 - (0 - -6)?
-6
Evaluate (2 - -1) + -5 + -5.
-7
What is 4 + 10 + -15 - (0 + 1)?
-2
0 + -4 + (-19 - -10) + 10
-3
What is 6 + -13 + (5 - 1) + -1?
-4
Calculate 4 + (-3 + -3 - (-1 + -1)).
0
(2 - 2 - -2 - 1) + 1
2
Calculate 7 + (-6 - -1) - -5.
7
15 - (3 - -5) - 1
6
-6 + 6 + -2 + 3
1
What is the value of -3 + 2 + -1 + -5 + 6?
-1
Calculate (4 - 0) + -34 + 33.
3
Evaluate 4 - (7 + -3 + -2).
2
What is the value of 2 - (5 - 0) - -8?
5
Calculate -5 + (12 - 7) - -4.
4
9 + 13 + -5 + -14
3
(-1 - (1 + -2)) + -5 + 7
2
10 + -5 + (2 - 2)
5
What is (4 + 15 - 18) + 8 + -1?
8
(2 - (-1 - (2 - 5))) + 0
0
Calculate 3 - (-2 + 4 + -4).
5
Evaluate -10 + 1 + 26 + -19.
-2
Calculate 4 + (3 - (-2 + -1)) - 4.
6
What is the value of (7 - 3) + -2 - 1?
1
Evaluate (0 - -4) + (2 - 2) + -7.
-3
-1 - ((-1 - 3) + 0)
3
What is the value of -24 - -23 - (-2 + 1 - -2)?
-2
What is the value of (3 - (2 + 0 + 1)) + 4?
4
What is the value of -6 - (-1 + -5 - 0)?
0
Evaluate 3 + -5 + (-1 - 3 - 0).
-6
Calculate 6 + (-1 - -1) + (36 - 45).
-3
What is 18 + -17 + 2 + (1 - 0)?
4
What is the value of -12 + 4 + 10 - -8?
10
What is 2 - (3 - (4 - 14) - 4)?
-7
(1 - 10) + (6 - (-7 - -9))
-5
Evaluate (-2 - 0) + -2 + -1.
-5
Calculate 3 + -7 - (-10 - -8).
-2
Evaluate (113 - 108) + (-8 - 0) + 2.
-1
What is (1 - 5) + 23 + -21 + 1?
-1
Calculate 2 - 2 - (-10 + (1 - -2)).
7
Calculate -8 - ((-1 + 3 - 1) + -4).
-5
What is the value of 1 - (7 + -11 - (3 + -10))?
-2
Calculate 6 + 0 + 3 + -8.
1
What is the value of 7 - (6 + -7 + 3)?
5
What is the value of (-9 - -11 - 3) + 1 + 3?
3
(2 + -5 - (-1 + -4)) + -6
-4
What is 6 + -3 + 2 + 4?
9
Evaluate (3 + -1 - (-2 - -4)) + -3.
-3
Evaluate (-1 - 9) + 8 + -7.
-9
Evaluate (1 - 8) + (3 - -1).
-3
Evaluate 4 + (1 - 4) + (-11 - -12).
2
-3 + -11 - (-2 + -8)
-4
Calculate (-7 - -1 - -5) + (-3 - -10).
6
Evaluate -3 - -2 - -4 - 3 - -1.
1
Evaluate 0 + 1 + 1 + -2.
0
((4 - -2) + -4 - -5) + -2
5
What is the value of -4 + 0 + (6 - 1) - -4?
5
Evaluate (9 + -15 - 3) + 7.
-2
What is 0 + -3 + 10 + -6?
1
Evaluate -1 + 1 + 23 + -20.
3
What is the value of 0 + (4 + (6 - 11) - -9)?
8
What is (-3 - -9) + 10 + -17?
-1
Calculate 2 - 1 - (6 + -6).
1
Calculate 14 + (-3 - 4 - -2) + -3.
6
Calculate 0 + 3 - (-2 - 0 - -7).
-2
What is the value of (-11 - (-1 + -5) - -9) + 3?
7
What is the value of -1 - -1 - (-7 + 4)?
3
Evaluate 3 - (-2 + -2 - (-5 - 3)).
-1
-3 + (1 + -3 - -2) - -7
4
What is the value of (-4 - (-3 - 5 - 2)) + -4?
2
Calculate -2 + 1 + -10 + 8 + 5.
2
Evaluate 15 + -8 + 0 + 1.
8
Calculate 0 - (5 + 2 + -2).
-5
(-9 - -2) + 3 + -3
-7
What is the value of (-2 - (-2 - (0 - -3))) + -1?
2
Evaluate 5 + 0 + -6 - (-1 + 3).
-3
0 - -3 - (-1 + 2)
2
-10 + 16 - (5 + -1)
2
What is 60 + -59 - (1 - -6)?
-6
What is the value of 0 + -1 - 0 - 0?
-1
Calculate 9 - (5 - (-5 + 7)).
6
-19 + 11 + (-3 - -17)
6
What is (-2 - -12) + (-25 - -16) + 6?
7
-3 - (-1 + 2 + 2 + -4)
-2
Calculate (-14 - (-22 + 15)) + (1 - 1).
-7
What is (-4 - -3) + 0 - -5 - 2?
2
What is the value of 0 + ((-13 - -2) + 3 - -5)?
-3
Calculate -11 - (-3 - 5) - -8.
5
What is the value of 6 + (4 - (9 - -4))?
-3
What is the value of 2 + 0 - (4 - (-7 + 5))?
-4
What is 14 + -14 - (-1 + 5) - -1?
-3
(-2 - -5 - 2) + -3 - -1
-1
-2 - (6 + -3) - -6
1
What is the value of 3 + 1 + (3 - 7 - 3)?
-3
Evaluate -9 + -7 + 10 + 1.
-5
What is 2 + 7 + 0 - (12 - 8)?
5
What is the value of -5 + -1 - -1 - 0?
-5
Evaluate -6 + 5 + 1 + -1 + 2.
1
What is the value of -20 + 24 - (5 + 1 + 0)?
-2
Calculate 1 + (10 - 14 - -10).
7
Evaluate 1 + 2 - (-4 - -4 - 2).
5
What is (-1 - 4) + (1 + -2 - -4)?
-2
Evaluate 4 + (-6 + 3 - -3 - 1).
3
Evaluate 5 + -1 + (-2 + 1 - -3).
6
-8 + 6 - ((0 - -6) + -2)
-6
What is 3 + 0 + (11 - (6 + 4))?
4
What is the value of 6 - (3 + -1) - (17 + -18)?
5
3 + -10 + 5 + 6
4
What is the value of (4 - -1) + -11 + 2?
-4
What is 0 - (4 - 2 - 7)?
5
Calculate 1 + 3 + -9 + -7 + 11.
-1
Evaluate -7 + -2 + 2 + 3.
-4
Calculate 0 - -3 - (-6 - 0 - -6).
3
Calculate -2 + -2 + 3 + 0.
-1
Calculate -5 + (-4 + 6 - 2).
-5
What is -1 + 5 + -5 - -5?
4
(10 - (-12 + 21)) + -3
-2
Evaluate (0 - (-9 + 4)) + -5 - 1.
-1
Evaluate -4 + (-8 - (0 - 6)).
-6
Calculate 5 - (-3 + 1) - (20 - 19).
6
Evaluate 7 - 3 - 7 - 0.
-3
(3 - 3) + (-3 - (1 + -8))
4
Calculate (3 + -8 - -7) + -1 + -1.
0
Calculate -3 - (7 + (2 - 18)).
6
Evaluate -8 + -12 + 11 - 0.
-9
Evaluate 2 - (-3 - (-9 - 1) - 4).
-1
Calculate 1 - (-1 + 2 + -4) - 1.
3
Calculate 4 + 2 + -3 - (-4 - -6).
1
Evaluate (4 - 0) + 14 + -16.
2
Calculate (-13 - -7 - -3) + 2.
-1
Calculate -14 + 17 + (-1 - 0).
2
What is 8 + (-3 - -3) + -4?
4
-1 + (-2 - -5) + (-24 - -19)
-3
Calculate -17 + 7 + 11 + 0.
1
Calculate -4 - (8 + -7 + 5 + -12).
2
Evaluate -5 + (2 + -4 - -4).
-3
Evaluate -27 - -34 - (6 + -1).
2
Calculate (-7 - -17) + 0 + -5.
5
What is 8 - (6 - 7) - 9?
0
What is 3 + (-2 - (-6 + (4 - 1)))?
4
What is the value of -5 - 0 - (11 + -13 + -9)?
6
What is the value of 0 + 1 + (-1 - -5 - 6)?
-1
Evaluate (-12 - -3) + 6 + 0.
-3
-2 + 0 + -1 + 11 + -17
-9
Evaluate 1 + 3 - 4 - (-1 +